4 = 4*l. Let k be q(h). Suppose d - 44 = -k*d. What are the prime factors of d?
11
List the prime factors of (-4)/(2 - (-27)/(-12)).
2
Let q be (-3)/3 - (0 + -2). Suppose 4*m = 16, -m = -i - 0*m - q. List the prime factors of (-3)/(-4)*(i + 9).
3
Let w = 119 - -5. What are the prime factors of w?
2, 31
Suppose -5*s - 176 = -4*j, -3*j - 4*s - 86 + 249 = 0. List the prime factors of j.
7
Let o be 2/4 - (-2)/(-4). Suppose -3*l + o*l = -12. Suppose -l*y + 8 = -3*y. What are the prime factors of y?
2
Let i be (2 - 1) + 2 + -1. Suppose 3*g + 24 = 5*g + 4*o, -5*o + 15 = g. Suppose -i*x + g = 4*j + 2, 5*x = -5*j. What are the prime factors of j?
2
What are the prime factors of 60/(9/12 - 0)?
2, 5
Let b(y) = y**2 - 2*y - 10. Let z be b(5). List the prime factors of (2/z)/(6/480).
2
What are the prime factors of 6/9 - 25/(-3)?
3
Let c(a) = a. Let g be c(-3). Let d be (6/2)/g*-10. Suppose -d = 2*i, k - i = -4*k + 35. List the prime factors of k.
2, 3
Suppose -20 = 5*c, 5*h - 3*c + 19 = 76. What are the prime factors of 74/6 - (-6)/h?
13
Let u be 0/2*(1 - 0). Suppose -6*y + 5*y + 24 = u. List the prime factors of y.
2, 3
Suppose -3*c - 3*h + 15 = 0, 5*c + 2*h - 13 = 15. Suppose c*g = 386 - 50. What are the prime factors of g?
2, 7
Let u = 0 + -10. Let a = 18 + u. List the prime factors of a.
2
Let m(b) = -20*b**3 - 2*b**2 + b + 2. Let u be m(-2). Suppose 3*z - u = -z. What are the prime factors of z?
2, 19
Suppose -6*k - 3*z - 9 = -3*k, k + 4*z + 12 = 0. What are the prime factors of (1 - -18) + (-3 - k)?
2
Suppose 7*r - 5*r = -4*a + 70, -2*a + 37 = 3*r. List the prime factors of a.
17
Suppose 3*y + 5*q - 1 = 0, 4*y = q - 3*q + 6. Suppose 27 = y*d - 13. What are the prime factors of d?
2, 5
What are the prime factors of ((-2)/(-10))/(6/1410)?
47
Let r(x) = -x**3 - 15*x**2 - 8*x - 8. List the prime factors of r(-16).
2, 47
Let f be -4*(-1 - 0 - 0). Suppose 0 = -k - f, 4*n - 40 = -0*n - 5*k. What are the prime factors of n?
3, 5
Let f = -116 - -76. Let y = 62 + f. What are the prime factors of y?
2, 11
Suppose 3*f - 5*o - 15 = 0, f - 2*f - 4*o + 5 = 0. Let k(s) be the second derivative of s**4/12 - 2*s**3/3 + 3*s**2 + 4*s. List the prime factors of k(f).
11
Let v = -29 + -219. Let z be ((-2)/4)/((-4)/v). Let k = -19 - z. List the prime factors of k.
2, 3
Suppose 5*o = 3*q + 13, 2*o - 8 - 2 = 0. List the prime factors of q/(4/5)*8.
2, 5
Let o = -75 - -148. Let y = o - 39. List the prime factors of y.
2, 17
Let z be 6/21 + (-305)/(-35). Suppose -4*l + z*l = 140. What are the prime factors of l?
2, 7
What are the prime factors of 9/(-3 + 0) + 18?
3, 5
Let g be ((-3)/3)/((-3)/(-12)). List the prime factors of (-6)/2 - 76/g.
2
Suppose 6*n = 1363 - 379. List the prime factors of n.
2, 41
Suppose 11*b - 263 = 1365. List the prime factors of b.
2, 37
Let p(l) = 34*l**2 + 1. Let u be p(-1). Let q be 3 + -3 + (u - 0). Suppose 4*n = -7 + q. What are the prime factors of n?
7
Suppose 2*t + 13 = 147. What are the prime factors of t?
67
Let k(n) = -n. Let i be k(-4). Suppose -i*a + 8 = -8. What are the prime factors of a?
2
Let v(y) = 3*y**3 - 4*y**2 + 2*y. Let w be v(2). Suppose -8*i = -6*i - w. List the prime factors of i.
2, 3
Let o(l) = l**3 + 4*l**2 + 0*l - 5*l + 0*l + 6. List the prime factors of o(-5).
2, 3
Suppose 4*f + y - 5 = 0, -3 = -f - 0*f - 2*y. Let j = f - 6. List the prime factors of -1*(-3)/j*-35.
3, 7
Suppose 2*l - 4*r - 245 = r, 0 = -3*r + 3. List the prime factors of l.
5
Let j = 71 - -24. Suppose -3*o = 3*a - 57, -j = a - 6*a - 4*o. Suppose -b = 2*b + i - a, -4*b - 4*i = -36. What are the prime factors of b?
5
Let z(h) = 4*h**2 + 11*h - 2*h - 3 - 5*h**2. Suppose 0 = -4*c - 3*k + 43, 4*c - 19 = 2*k - 1. What are the prime factors of z(c)?
11
Let v(d) = 7*d - 36. List the prime factors of v(11).
41
Suppose 4*v + 2*j - 149 = 13, -126 = -3*v + 3*j. What are the prime factors of v?
41
Let i(a) = -a**3 + 2*a**2 + 3*a. Let p be i(3). What are the prime factors of p - (2 - 2) - -5?
5
Let n = -6 + 6. Let x = n - -8. What are the prime factors of x?
2
Let o(a) = a + 7. Let v be o(-5). Let w(x) = 7*x**3 + x - 6*x**3 - 3 - 4*x**v + 4*x. What are the prime factors of w(3)?
3
Let q = 2 + 1. Suppose 3*w + 7*h - q*h - 14 = 0, -2*w - 2 = -3*h. Suppose 2*c = -w*c + 60. What are the prime factors of c?
3, 5
Suppose 0 = 2*c - 3*p - 194, -c = -3*p - 41 - 62. List the prime factors of c.
7, 13
Suppose 31 = -2*c - 2*o + 1, 0 = 5*c - 5*o + 75. List the prime factors of (-3 - c/6)*-24.
2, 3
Suppose 0 = -10*l + 7*l + 1023. What are the prime factors of l?
11, 31
Suppose 0 = -4*l + 12. Let z(m) = m**2 - 5 + m + 0*m**2 + 2. What are the prime factors of z(l)?
3
Let x(r) = -1. Let u(o) = -o + 7. Let d(i) = u(i) + 5*x(i). Let n be d(-2). Suppose 6 = 5*c - n*c. What are the prime factors of c?
2, 3
Suppose 10*v - 13*v = -54. List the prime factors of v.
2, 3
Let c(u) = 2*u + 6. Let r be c(-4). Let k(y) = -2*y - 2. Let p be k(r). Let x = 0 + p. List the prime factors of x.
2
Let a = -2 - -12. What are the prime factors of ((-8)/a + -2)*-5?
2, 7
Let s be 1 + -3 + 2/2. Let y be -3*2*s/(-6). What are the prime factors of (4/(-3))/(y/6)?
2
Let z = 37 - 18. What are the prime factors of z?
19
Suppose -2*k = -2*o + 248, -o - 2*k + 124 = -7*k. List the prime factors of o.
2, 31
Let s be (-3 + 1)*55/(-22). Suppose -z - 40 = -s*z. What are the prime factors of z?
2, 5
Let u be (-1 + 0)*-3*5. Suppose 4*w = -u + 3, -2*i + 4*w + 22 = 0. What are the prime factors of i?
5
Let h = 41 + -1. Let t = h - 13. What are the prime factors of t?
3
What are the prime factors of ((-100)/(-7))/(4/14)?
2, 5
Let k(d) = d**2 - 7*d - 13. Let a be (-195)/(-21) - 4/14. List the prime factors of k(a).
5
Let o(d) = -d**3 + d**2 + 2*d - 3. Let a(z) = -z**2. Let q(r) = -2*a(r) + o(r). Let u be q(3). List the prime factors of (3 - u - 30)/(-2).
3, 5
Let b(x) = -4*x - 5. Let u(s) = -s**3 - 3*s - 4. Let i(d) = -3*b(d) + 4*u(d). Suppose -7*r = -2*r + 5. What are the prime factors of i(r)?
3
Suppose -3*s + 16 = t, 2*t = 5*t - 3. List the prime factors of s.
5
Let l(a) = a - 10*a + 1 + 4*a**2 + 6*a. Let z(d) = d**2 - 5*d + 6. Let c be z(4). What are the prime factors of l(c)?
11
Let g = 310 + -174. List the prime factors of g.
2, 17
Let l = 8 + 12. Let n = -12 + l. List the prime factors of n.
2
Let q(h) = 2*h - 6. Let u be q(4). Suppose y = -5*m + 19, -u*m = 4*y - 7*m - 51. Suppose 3*r - 3*o - o = 20, 4*r - y = -o. List the prime factors of r.
2
Suppose n + 3*n = 120. Suppose 6*p - 3*p = n. List the prime factors of p.
2, 5
Let g = -4 + 1. Let j = 9 + g. What are the prime factors of j?
2, 3
Let y be -3*1 + (-2 - -5). Suppose 27 = 3*h - 5*c, y*h - 3*h - 3*c + 3 = 0. Suppose -h*v + 4*q + 14 = -6, 0 = -5*q. What are the prime factors of v?
5
Suppose -h - 8 = -3*h. Suppose -3*m + 7*m = -4*z, -h*m = z + 12. Suppose 0 = -2*i + 5*c + 3, z*i = -4*c + 41 + 7. What are the prime factors of i?
3
What are the prime factors of -4 + (-86)/(-2) + 3?
2, 3, 7
Let c be (-2 - -2)/(-1) + 4. Let p = 4 + -5. Let y = c - p. What are the prime factors of y?
5
Let f(w) = w + 5. Let n(y) = -y**2 + 2*y. Let x be n(-2). Let r be f(x). Let m = r - -8. List the prime factors of m.
5
Suppose -16 - 104 = -5*o. List the prime factors of o.
2, 3
Suppose 3*o + 3*r + 6 = 0, 0*r - r + 4 = 3*o. List the prime factors of o.
3
Suppose 0 = -5*t - 7*t + 264. What are the prime factors of t?
2, 11
Let c be (13/(-3))/(1/3). Let n = 15 + c. What are the prime factors of n?
2
Let y = 9 + -18. Suppose -11*h = -19*h + 200. Let w = h + y. List the prime factors of w.
2
Let k(y) = -y**2 - 8*y + 6. Suppose -3*h - 2*h - 69 = 4*c, h + 17 = -c. Let f = 9 + c. What are the prime factors of k(f)?
13
Let f be (-2)/(-9) + (-816)/27. Let c = f + 76. Suppose -4 = -5*w + c. What are the prime factors of w?
2, 5
Let k be 1 - -2 - (-28 - -1). Suppose 4*n - 26 - k = 0. List the prime factors of n.
2, 7
Let l(m) = 4*m + 2. Let x(g) = -g - 1. Let f(r) = l(r) + 6*x(r). List the prime factors of f(-5).
2, 3
Let m(y) = -y**3 - 4*y**2 + 6*y - 1. Let l(r) = r - 2. Let v be l(-3). Let z be m(v). Let p = 19 + z. List the prime factors of p.
13
Let c(p) = -p**3 - 20*p**2 - 39*p - 22. List the prime factors of c(-18).
2
Suppose -4*i + 4*b + 20 = 0, -3*b - 4 = i + 11. Suppose 3*d + 11 - 95